 26. Let n = m - 8. Let j = n - -6. Calculate the greatest common divisor of 16 and j.
2
Let w(t) = -2*t + 5. Let a = 1 + -4. Let u = a + -1. Let b be w(u). Calculate the greatest common factor of b and 117.
13
Let l(q) = q**3 + 6*q**2 + q + 12. Let o be l(-6). Calculate the highest common factor of 3 and o.
3
Let n be 5/1 + (-4)/2. Calculate the highest common factor of 12 and n.
3
Let a = 1 + 1. Let l be (12/1)/(-4) + 32. Let t = l + -23. Calculate the greatest common divisor of a and t.
2
Let u be -6*3/24*-4. Suppose 2*v = -u*v + 70. Suppose l = 5*l - 4, 2*l = -j + 37. Calculate the greatest common divisor of v and j.
7
Suppose -3*o - 3 + 9 = 0. Let a be (24/28)/(o/56). Calculate the highest common factor of a and 60.
12
Suppose -s + 4*t = -152 - 117, -4*s + 1028 = -4*t. Suppose -k = 99 - s. Suppose k = 2*n - 0*n. Calculate the greatest common factor of n and 7.
7
Let p(c) = c**3 - 4*c**2 - 5*c + 4. Let w be p(5). Let l = -1 + w. Calculate the highest common factor of 9 and l.
3
Let l = -7 - -5. Let v = l + 6. Let h = v - 0. What is the greatest common divisor of 1 and h?
1
Let p = 147 + -27. Calculate the highest common factor of 12 and p.
12
Let i be (-12)/4 - 1*-7. Suppose -2*a + 194 = -a. Let j be a/i + 3/(-6). What is the greatest common divisor of j and 32?
16
Suppose 5*f = 9 + 36. Suppose 0*n - 4*n + 12 = 0. Let o be (2/4)/(n/6). What is the greatest common factor of o and f?
1
Let y = -11 - -14. Let g(s) = 29*s + 1. Let r be g(y). What is the greatest common divisor of 11 and r?
11
Let v be (-2)/(-17) + (-2285)/(-85). Calculate the highest common divisor of 243 and v.
27
Let o(k) = -10*k + 5. Let j be o(-3). What is the greatest common factor of 28 and j?
7
Let b(c) = c + 27. Let d be b(-21). Calculate the highest common divisor of d and 30.
6
Suppose 2*x = 4*m - x - 49, 4*m = -x + 37. What is the highest common factor of m and 25?
5
Suppose -5*z = -t - 210, -z = t + 4*t - 68. Suppose 4*l = -3*c + z + 53, -33 = -c - l. Let w = 65 + 25. What is the highest common divisor of c and w?
18
Let m = -14 + 15. Calculate the highest common factor of 9 and m.
1
Suppose 4*h + 48 = 160. What is the highest common factor of 42 and h?
14
Let h(p) = -p**2 - 6*p - 2. Suppose -c = 2, -4*c + 40 = -5*b - 9*c. Let s be h(b). Let j be 10/(1 - s - 1). Calculate the greatest common divisor of 55 and j.
5
Let c be 9*2*(-2)/(-4). Suppose 0*r + 4*r = -3*s + 7, r - 31 = -4*s. What is the greatest common divisor of s and c?
9
Let a = -11 + 7. Let u = -2 - a. What is the highest common factor of u and 14?
2
Let x(s) = -11*s - 2. Let r be x(-2). Calculate the highest common factor of r and 10.
10
Let w(v) = 4 + 2*v**2 - 4. Let m be w(-1). Calculate the greatest common factor of 14 and m.
2
Let t = 85 + -81. What is the highest common divisor of 4 and t?
4
Let b(x) = -6*x**2 + 0 - 1 - x**3 - 3*x + 2. Let n be b(-6). Let i(v) = 3*v**2 - 2*v + 1. Let l be i(-4). What is the highest common factor of n and l?
19
Let q(c) = 4*c**3 + c. Let p be q(1). Calculate the greatest common divisor of 25 and p.
5
Let m be (-6)/4*92/(-6). Suppose o = 5*t + 4 - 51, 0 = -3*t - 2*o + m. Let w be (-3*(-3)/9)/1. Calculate the highest common factor of t and w.
1
Suppose 0 = h + 2*h - 456. Calculate the highest common factor of h and 19.
19
Suppose -4*x + 5*x = 265. Let y = -133 + x. Calculate the highest common factor of 12 and y.
12
Let c(n) = -n**2 - 3*n - 5. Suppose 0*d = -5*d + 4*p + 14, 0 = -3*d + p + 14. Let a be c(d). Let g = a - -99. Calculate the highest common divisor of 16 and g.
8
Let x(i) = i**2 + 8*i - 10. Let j be x(-10). Calculate the greatest common divisor of j and 10.
10
Let l = 215 + -159. Calculate the greatest common divisor of l and 24.
8
Suppose 139 = 3*n - 5*a, -n - 4*n + a + 195 = 0. Let j = -27 + n. What is the greatest common divisor of 11 and j?
11
Suppose 0 = -2*q + 4*q + 4*k + 12, -5*q - 2*k - 6 = 0. Suppose q = -5*j + 7*j - 128. Calculate the highest common divisor of j and 16.
16
Let c(b) = -b**2 + 9*b + 2. Let m be c(5). Calculate the highest common divisor of 121 and m.
11
Let o be (9/(-4))/((-3)/16). Let d = 25 - -11. What is the highest common factor of d and o?
12
Suppose -4*l + 4*t + 36 = 0, 4*l + l + 3*t = 45. What is the greatest common factor of 9 and l?
9
Let z = 167 + 325. Suppose 4*j + 268 = -z. Let k = -102 - j. What is the highest common divisor of k and 11?
11
Let m(w) = 3*w + 16. Let f be m(6). What is the greatest common factor of f and 136?
34
Let y(w) = -w**2 - 11*w - 14. Let q be y(-4). Calculate the highest common divisor of 42 and q.
14
Suppose -125 = -4*k - l, l - 155 = -2*k - 3*k. Calculate the highest common factor of k and 12.
6
Suppose -2*o = 4*a - 88, o - 2*o = -4*a + 76. Suppose -3 = -u + a. Calculate the greatest common divisor of u and 92.
23
Suppose 0 = 5*k + 3 - 28. Suppose -g - 56 = -k*g. What is the highest common factor of 28 and g?
14
Suppose 67 = 4*m - 3*o, 6*o = -m + 3*o + 13. Calculate the highest common divisor of m and 144.
16
Let w = -14 + 27. Calculate the highest common divisor of 39 and w.
13
Let h(y) = 2*y. Let d be h(1). Suppose d*i = 4*i + 260. Let m be 2/(-2*2/i). Calculate the greatest common factor of m and 13.
13
Suppose 3*q - 193 - 128 = -5*n, -4*q = -4*n + 276. What is the greatest common factor of n and 6?
6
Let n(l) = -l - 4. Let v be n(9). Let m(a) = a**2 + 14*a + 15. Let w be m(v). Calculate the highest common divisor of w and 22.
2
Let s = -46 + 76. What is the highest common divisor of s and 10?
10
Suppose 0 = -w + 2 + 3. Suppose -w*d = -7*d + 66. Let p(a) = a**2 + a - 1. Let q be p(3). Calculate the greatest common divisor of d and q.
11
Let r be -56*((-12)/8)/3. Suppose 0 = -h + 3*d + r, 64 = h + h - 4*d. Calculate the highest common factor of h and 10.
10
Let d = -4 - -9. What is the highest common divisor of 25 and d?
5
Let q(k) = -k + 2. Let j(s) = s - 1. Let h(x) = 4*j(x) + 3*q(x). Let g be h(1). Calculate the highest common divisor of g and 12.
3
Let p = 81 + -55. Calculate the greatest common divisor of 65 and p.
13
Suppose -8*a + 519 = 127. What is the greatest common divisor of 539 and a?
49
Suppose -22*s + 25*s = 15. Suppose 2*y + 25 = 5*t - 54, s*y = -2*t + 49. What is the greatest common factor of t and 68?
17
Suppose 2*o - 4 = 4*j - 2*o, -4 = j - 2*o. Let t be -1 + j + 3 + 2. Suppose 5*i = 4*w + 1, 2*w - i - 37 = -6*i. What is the highest common factor of w and t?
6
Suppose -8 = -3*x - 4*d + 27, 5 = 4*x - 3*d. Let s = 4 - -11. Let h be (-12)/s*10/(-4). What is the highest common factor of x and h?
1
Let u(c) = -2 - c**2 - 7*c + 7*c - 4*c + 2*c**2. Let m be u(-4). Suppose -4*h = 2*i - 66, -3*h = h + i - 63. Calculate the highest common factor of h and m.
15
Let k be 6/3 - (-43)/1. Calculate the greatest common divisor of k and 18.
9
Let y(t) = t**2 + t - 1. Let i be y(0). Let u be 2 + i + 1 + -12. Let v be (-104)/u - (-8)/(-20). Calculate the greatest common factor of v and 4.
2
Suppose 3*z = 5*a - 294, -a - z + 242 = 3*a. Suppose -2*y = -0*y - 24. What is the highest common factor of a and y?
12
Let c be (-1 + 2)*(35 - -1). Suppose -2*q + c = -0*q. What is the highest common factor of 126 and q?
18
Let o be -3 + (24*-1)/(-1). Calculate the highest common divisor of o and 7.
7
Let y = 13 - 5. Suppose -168 = -a + f, -4*f + 7*f + 170 = a. Suppose a = 4*n - 3*j + 7, 5*n = 2*j + 200. What is the highest common divisor of y and n?
8
Let l(q) be the third derivative of -q**5/60 - 11*q**4/24 - q**3/2 + 5*q**2. Let i be l(-10). Calculate the greatest common factor of i and 35.
7
Let a = 4 + 3. Suppose -49 + 189 = 5*j. What is the highest common divisor of j and a?
7
Suppose -5*r + 38 = 4*a + 3, 3*r + 5*a - 21 = 0. Calculate the highest common divisor of r and 56.
7
Let v(q) = q**2 - 6*q - 2. Let s be v(-4). Calculate the highest common divisor of 38 and s.
38
Let d be (-12)/(-42) + (-206)/(-14). What is the highest common divisor of d and 135?
15
Suppose 5*f = 5*u - 840, -2*u + 3*f = -0*u - 339. Calculate the greatest common factor of 30 and u.
15
Let j = -12 - -8. Let d be j/(((-8)/14)/2). Let k = -29 + 43. What is the highest common divisor of d and k?
14
Suppose -320 = -s - 3*s + j, -328 = -4*s + 3*j. Let x = s + -37. Let u(q) = -q**2 - 8*q + 5. Let p be u(-4). What is the highest